 of b(-38)?
7
Let h(r) = -r**3 + 12*r**2 + 17*r - 49. What is the tens digit of h(11)?
5
Let i be (5/(-2))/((-4 - -1)/(-90)). Let b = i - -76. What is the units digit of b?
1
Let t = 48 + -33. Let p = t + -15. Suppose 4*c = 4*s + 2*c - 62, p = -2*s - 2*c + 16. What is the tens digit of s?
1
What is the units digit of (0 - -11)/(10/670) + 5?
2
What is the hundreds digit of ((-1)/(-2))/(18/60)*591?
9
Suppose x + 0*x - 5 = 0. Suppose -4*n + 241 = -5*k, -x*n - 5*k = -0*k - 245. Suppose -2*z - n = -4*o, -2*z = -4*o - 4*z + 50. What is the units digit of o?
3
Let g be -3 + (-2 - -4) + 3. Suppose -x - 15 = -2*b, -3*b + g*b - 4*x + 21 = 0. Suppose -4*a - b = -233. What is the units digit of a?
6
Let d = 50 - 6. Let a = d + 5. What is the tens digit of a?
4
Let r(p) = -3*p**3 - 7*p**2 - 5*p - 5. What is the hundreds digit of r(-5)?
2
Let j(q) = -96*q**3 - 2*q + 1. Let m be j(1). Let v = 173 + m. Suppose r - 43 = -5*a, 3*a = -2*r - 2*a + v. What is the units digit of r?
3
Suppose -4*h + 25 = h. Suppose 5*a = -2*n + 93, a = -0*a + h*n - 3. Suppose -a + 29 = 4*q. What is the units digit of q?
3
Let p(j) = -43*j**2 - 2*j - 3. Let o be p(3). Suppose 30*f = -f - 1488. What is the units digit of (o/f)/((-3)/(-16))?
4
Suppose 6*f - 3*f - 21 = -u, -3*f - 39 = -4*u. Let z = 48 + u. What is the tens digit of z?
6
Let z(q) = q**2 - 7*q - 16. What is the units digit of z(10)?
4
Suppose -3*y + 7*y - 2280 = -2*d, -4*y + 2274 = 5*d. What is the tens digit of y?
7
Suppose -8*z + 12*z - 12 = 0. Suppose -4*s - 124 = -z*t, 2*t + 4*s - 80 = 8*s. What is the units digit of t?
4
Suppose 2*p = 4*a + 354, -2*a = -3*a + 2*p - 84. Let h be (a/(-27))/((-4)/(-6)). What is the tens digit of (-50)/(-20)*104/h?
5
What is the hundreds digit of (-4)/(-14) + (-1 - 23405/(-35))?
6
Suppose 478*k = 461*k + 47022. What is the tens digit of k?
6
Let b(l) = 2*l**2 + 3*l. Let m be b(4). Suppose -m = -z + 16. What is the units digit of 294/10 - (-36)/z?
0
Suppose f - 16 = 3*w, 3*f - 4 - 22 = -2*w. Suppose f*o - 20 = 5*o. Suppose v - o*v = -48. What is the tens digit of v?
1
Suppose 0 = 6*s - 11*s + 520. Let g = 266 - s. What is the hundreds digit of g?
1
Suppose 3*y = -5*f + 102, -4*f + 4*y = -0*y - 88. Suppose 18*z - f*z = -141. What is the units digit of z?
7
Let u = -86 - 70. Let w = 465 + u. What is the tens digit of w?
0
Suppose -3*i - 2*i = 0. Suppose -5*b = -i*b. What is the units digit of ((-34)/4 - b)*-2?
7
Let k(t) be the first derivative of t**4/4 - 3*t**3 - 3*t**2 - 32*t + 5. Let y be k(10). Suppose 3*l - y = l. What is the units digit of l?
4
Suppose -4*x + 152 = 4*h - 304, -4*h + 474 = -5*x. What is the hundreds digit of h?
1
Let u(i) = 2*i**2 - 15*i - 21. What is the units digit of u(-12)?
7
Let y be -1 - (3 + (-14)/2). Suppose 5*p - 30 = -3*w, -7*w + p = -y*w - 17. Let f(i) = i**2 + 7*i - 2. What is the tens digit of f(w)?
5
Let k = -63 + 83. What is the tens digit of (-8)/k*400/(-5)?
3
Suppose -6859 = -11*c + 1281. What is the hundreds digit of c?
7
Let y(c) = -5*c**3 - 6*c**2 - 3*c - 2. What is the hundreds digit of y(-5)?
4
Suppose 0*a + w = -3*a + 515, -2*a - 3*w = -334. What is the units digit of a?
3
Let f be 10*(-39)/6 + -4. Suppose 0 = 5*w - 8*w + 342. Let q = w + f. What is the tens digit of q?
4
Suppose 5*o = 12 - 2. Let y = 6 - o. Suppose -2*f + 4*b + 56 = 0, -60 = -3*f + y*b + 30. What is the units digit of f?
4
What is the thousands digit of -554*(-11)/55*40?
4
Let v = -160 - -110. What is the units digit of 20/v - (-272)/5?
4
Let n = 590 + 247. What is the units digit of n?
7
What is the units digit of 10 + -7 - -311 - 2/(-2)?
5
Let z(l) = 9*l + 86. Let t be z(-6). What is the units digit of 147*(-16)/t*4/(-6)?
9
Suppose -3*o = 3*i + o + 22, -3*i + 14 = -5*o. Let y be -1 - (i + -2 + 1). Suppose 2*l - 7*s = -2*s + 35, 5*l - 15 = -y*s. What is the units digit of l?
5
Let g(h) = h**2 - 11*h + 417. What is the units digit of g(47)?
9
Let t = -500 - -1360. What is the units digit of t?
0
Let r = -408 - -733. Suppose r = -130*s + 135*s. What is the tens digit of s?
6
Suppose 8*p + 13 = 45. Suppose -3*a = 5*g - 2*g - 675, -p*g - a = -891. What is the units digit of g?
2
What is the units digit of (77/(-63) - -1) + (-51468)/(-27)?
6
Let z = 5 + -17. What is the tens digit of ((-8)/z)/((-6)/(-711))?
7
Suppose -2*k - 60 = u, 5*u + 21 = -3*k + 2*k. Let p = -26 - k. What is the units digit of p?
5
Let p(z) = -z**3 - 8*z**2 + 8*z + 7. Suppose -11*n - 147 = -37. What is the tens digit of p(n)?
2
Let c(z) be the first derivative of -z**2 + 3*z + 1. Let r be c(0). Suppose -3*q = r*t - 168, 4*q + t - 5*t = 248. What is the tens digit of q?
5
Let w = -878 + 1939. What is the hundreds digit of w?
0
Let f be -4 + (3 - 1)*4. Suppose -3*d = 5*v - 32, -4*d - v + 36 = f*v. Suppose 3*l = -2*z - 25 + 84, z - 24 = d*l. What is the tens digit of z?
2
Suppose 0 = -3*q + 3*y - 164 + 29, 2*y = q + 42. Let t = 104 + q. What is the units digit of t?
6
Let b = 5 - 5. Suppose -75 = -5*g - k, 3*g - 7*g + 4*k + 36 = b. What is the tens digit of g?
1
Suppose 0 = -4*a - j + 919, 92 = -a + 2*j + 333. What is the tens digit of a?
3
Suppose 15219 = 35*l - 16*l. What is the hundreds digit of l?
8
Suppose 9*z = 6*z. Suppose 3*v - q - 515 = z, 0*q - 863 = -5*v - 3*q. Suppose -6*h + 2*h = -v. What is the units digit of h?
3
Let d be 91/26*(-40)/(-14). Suppose 25 = 5*o - d. Let q = o - 1. What is the units digit of q?
6
Let v = 2745 + -1151. What is the units digit of v?
4
Suppose 13*g = 2676 - 76. What is the hundreds digit of g?
2
Suppose 3*t + 5 = -22. What is the hundreds digit of (-12)/t + 1383/9?
1
Suppose -4606 = -18*x - 628. What is the units digit of x?
1
Suppose 12*q = 20*q - 984. What is the hundreds digit of q?
1
Let a = -2 + 6. Suppose -a = -5*r + 16. What is the tens digit of ((-24)/9)/r*-15?
1
Let t = -63 - -37. Suppose -58 = -y - 13. Let m = t + y. What is the tens digit of m?
1
Let c(g) = 4*g + 6 + 32 + 5*g + 4*g. What is the tens digit of c(10)?
6
Let c be (1/3)/(1/(-27)). Let l = c - -15. Suppose k + l + 1 = -3*f, f = -4*k + 16. What is the units digit of k?
5
Let n(z) = z**3 + 17*z**2 - 39*z - 13. Let m be n(-19). Suppose m*g = 116 + 88. What is the units digit of g?
4
Let m(u) = u**3 + 7*u**2 - 11*u + 5. Suppose 4*q + t - 77 + 4 = 0, -3*t = -2*q + 19. Suppose q - 9 = -n. What is the units digit of m(n)?
9
Suppose -4946 = -11*n - 942. What is the units digit of n?
4
Suppose -z + 1 = j, 3*j = 5*j - 5*z - 23. Suppose j*h = -4*q - 0*q + 384, -h = -5*q - 114. What is the tens digit of h?
9
Suppose 13*q = 9*q - 3*n + 2763, 2*q - 3*n - 1395 = 0. What is the units digit of q?
3
Suppose -q = 4*x - 13, 3*q + 7 = x + 2*q. What is the units digit of x/(3 - 7)*109/(-1)?
9
Let f(g) = g**3 + 7*g**2 + 14. Let t(m) = -14*m + 9. Let k(o) = 7*o - 4. Let p(z) = -7*k(z) - 3*t(z). Let q be p(1). What is the tens digit of f(q)?
5
Suppose w - 9 = 2*m - 2*w, 2 = 4*m - 2*w. Suppose 2 = -j + m. What is the units digit of ((-98*j)/2)/(-1)?
9
Let j = -205 - -227. What is the tens digit of j?
2
Suppose -280 = -5*m + 2365. What is the units digit of m?
9
Let y = 5 + -3. Suppose -y*f = 1 + 15. Let r = 24 + f. What is the units digit of r?
6
Suppose 2*a + 8 = 0, 0*u - 5*a - 70 = -5*u. What is the tens digit of u?
1
Let x = 19 - 13. Suppose 3*y - 39 = -4*v + 4*y, 0 = -2*y - x. What is the units digit of v?
9
Suppose -5*j = 4*o - 157 + 17, 4*o = j - 28. Let t be j/7*3/(-4). Let m(u) = -9*u - 10. What is the units digit of m(t)?
7
Suppose -g + 491 = 4*f - 33, -4*g + 2126 = f. What is the units digit of g?
2
Let h be ((-40)/35)/(2/(-7)). Suppose -h*c = c - 185. What is the tens digit of c?
3
Suppose -4*u + 4*q - 4 = 0, 0 = -2*u - 2*u - q - 29. Suppose -2*r - 2*r = 60. Let v = u - r. What is the units digit of v?
9
What is the tens digit of (10/(-3))/(-10)*3 - -560?
6
Let r(i) = -i**3 - 7*i**2 + 7*i - 7. Let z be r(-8). What is the tens digit of 1 + z/((-5)/(-115))?
2
Suppose 36*q - 18144 = 9*q. What is the tens digit of q?
7
Suppose b + 2*m - 22 = -3*b, -17 = -2*b - 3*m. What is the hundreds digit of (-148)/((0 - -1)*(-5 + b))?
1
Let i = 1833 + 3990. What is the units digit of i?
3
Let p be (-294)/(-5) + (-7)/(-35). Let m = p + 1. What is the tens digit of m?
6
Let i(b) be the third derivative of -1/12*b**4 + 0 + 1/6*b**3